ded by 84.
57
Calculate the remainder when 61255 is divided by 4.
3
What is the remainder when 218922 is divided by 75?
72
What is the remainder when 2897 is divided by 270?
197
Calculate the remainder when 40100 is divided by 9.
5
Calculate the remainder when 1639 is divided by 405.
19
Calculate the remainder when 3445 is divided by 202.
11
Calculate the remainder when 12357 is divided by 149.
139
What is the remainder when 238937 is divided by 139?
135
Calculate the remainder when 5021 is divided by 381.
68
Calculate the remainder when 227493 is divided by 75814.
51
Calculate the remainder when 2502 is divided by 16.
6
Calculate the remainder when 571514 is divided by 190500.
14
Calculate the remainder when 260 is divided by 82.
14
What is the remainder when 4729 is divided by 28?
25
Calculate the remainder when 194171 is divided by 32346.
95
What is the remainder when 21191 is divided by 451?
445
What is the remainder when 30097 is divided by 30075?
22
What is the remainder when 15138 is divided by 157?
66
What is the remainder when 6965 is divided by 23?
19
Calculate the remainder when 286046 is divided by 15890.
26
Calculate the remainder when 23628 is divided by 117.
111
Calculate the remainder when 5842690 is divided by 12.
10
What is the remainder when 106081 is divided by 416?
1
What is the remainder when 291933 is divided by 665?
663
What is the remainder when 306142 is divided by 9?
7
Calculate the remainder when 1526 is divided by 736.
54
Calculate the remainder when 1595 is divided by 12.
11
Calculate the remainder when 190182 is divided by 15.
12
What is the remainder when 11498 is divided by 5634?
230
What is the remainder when 24543 is divided by 59?
58
What is the remainder when 1396 is divided by 346?
12
What is the remainder when 14568 is divided by 260?
8
What is the remainder when 3295 is divided by 3248?
47
Calculate the remainder when 3502 is divided by 39.
31
What is the remainder when 371717 is divided by 579?
578
Calculate the remainder when 7219 is divided by 2304.
307
What is the remainder when 1288 is divided by 69?
46
Calculate the remainder when 63795 is divided by 294.
291
What is the remainder when 457 is divided by 209?
39
Calculate the remainder when 77765 is divided by 8638.
23
Calculate the remainder when 9932 is divided by 46.
42
What is the remainder when 418866 is divided by 186?
180
Calculate the remainder when 9709 is divided by 41.
33
What is the remainder when 5468 is divided by 8?
4
What is the remainder when 12336 is divided by 6047?
242
Calculate the remainder when 34796 is divided by 17392.
12
What is the remainder when 215043 is divided by 1734?
27
What is the remainder when 3430 is divided by 696?
646
What is the remainder when 40695 is divided by 306?
303
Calculate the remainder when 87077 is divided by 33.
23
Calculate the remainder when 1731 is divided by 315.
156
Calculate the remainder when 4430 is divided by 127.
112
Calculate the remainder when 645350 is divided by 342.
338
Calculate the remainder when 72903 is divided by 848.
823
Calculate the remainder when 192429 is divided by 64139.
12
What is the remainder when 329 is divided by 140?
49
Calculate the remainder when 25387 is divided by 288.
43
Calculate the remainder when 44644 is divided by 25.
19
Calculate the remainder when 22328 is divided by 137.
134
What is the remainder when 2036 is divided by 46?
12
What is the remainder when 11902 is divided by 283?
16
Calculate the remainder when 213860 is divided by 35641.
14
What is the remainder when 2709 is divided by 676?
5
Calculate the remainder when 1050 is divided by 878.
172
Calculate the remainder when 3648 is divided by 165.
18
What is the remainder when 202247 is divided by 28892?
3
What is the remainder when 9501 is divided by 3166?
3
Calculate the remainder when 11131 is divided by 22.
21
Calculate the remainder when 25674 is divided by 65.
64
What is the remainder when 438 is divided by 195?
48
What is the remainder when 166499 is divided by 165?
14
Calculate the remainder when 7479 is divided by 749.
738
Calculate the remainder when 207632 is divided by 14.
12
What is the remainder when 310 is divided by 17?
4
Calculate the remainder when 578035 is divided by 88.
51
What is the remainder when 17804 is divided by 5931?
11
What is the remainder when 90360 is divided by 90349?
11
Calculate the remainder when 53666 is divided by 10.
6
Calculate the remainder when 4334 is divided by 2163.
8
Calculate the remainder when 39630 is divided by 140.
10
What is the remainder when 132283 is divided by 6299?
4
Calculate the remainder when 11748 is divided by 32.
4
What is the remainder when 98214 is divided by 24552?
6
Calculate the remainder when 1159 is divided by 75.
34
Calculate the remainder when 13604 is divided by 77.
52
Calculate the remainder when 1528 is divided by 183.
64
Calculate the remainder when 1392 is divided by 140.
132
What is the remainder when 277093 is divided by 27709?
3
What is the remainder when 2281 is divided by 645?
346
Calculate the remainder when 7389 is divided by 75.
39
What is the remainder when 1318 is divided by 864?
454
What is the remainder when 64319 is divided by 379?
268
Calculate the remainder when 33566 is divided by 104.
78
What is the remainder when 2006 is divided by 202?
188
Calculate the remainder when 14967 is divided by 30.
27
What is the remainder when 5891 is divided by 2857?
177
Calculate the remainder when 9952 is divided by 94.
82
Calculate the remainder when 1301 is divided by 4.
1
Calculate the remainder when 119567 is divided by 39845.
32
What is the remainder when 9209 is divided by 35?
4
Calculate the remainder when 1089663 is divided by 155666.
1
Calculate the remainder when 8212 is divided by 38.
4
Calculate the remainder when 7488 is divided by 7480.
8
What is the remainder when 6676 is divided by 742?
740
What is the remainder when 53 is divided by 32?
21
Calculate the remainder when 260108 is divided by 870.
848
Calculate the remainder when 2223 is divided by 124.
115
Calculate the remainder when 1179 is divided by 69.
6
What is the remainder when 44779 is divided by 3198?
7
What is the remainder when 10041 is divided by 1509?
987
What is the remainder when 3015 is divided by 2651?
364
What is the remainder when 802381 is divided by 47?
44
What is the remainder when 253 is divided by 191?
62
Calculate the remainder when 14767 is divided by 7048.
671
Calculate the remainder when 85297 is divided by 28427.
16
What is the remainder when 15037 is divided by 7439?
159
Calculate the remainder when 18226 is divided by 57.
43
What is the remainder when 3431 is divided by 98?
1
Calculate the remainder when 337275 is divided by 20.
15
Calculate the remainder when 140412 is divided by 15.
12
What is the remainder when 404204 is divided by 860?
4
Calculate the remainder when 14913 is divided by 1652.
45
Calculate the remainder when 440 is divided by 30.
20
What is the remainder when 405789 is divided by 28?
13
Calculate the remainder when 63226 is divided by 1345.
11
Calculate the remainder when 59747 is divided by 10.
7
Calculate the remainder when 201085 is divided by 1289.
1
What is the remainder when 2184 is divided by 39?
0
Calculate the remainder when 33354 is divided by 330.
24
What is the remainder when 16472 is divided by 196?
8
Calculate the remainder when 25503 is divided by 213.
156
Calculate the remainder when 7039 is divided by 3514.
11
Calculate the remainder when 257111 is divided by 1292.
3
What is the remainder when 37729 is divided by 185?
174
What is the remainder when 408293 is divided by 20?
13
Calculate the remainder when 351613 is divided by 1312.
1309
What is the remainder when 2032 is divided by 270?
142
What is the remainder when 1100 is divided by 278?
266
What is the remainder when 6365 is divided by 444?
149
Calculate the remainder when 148885 is divided by 709.
704
Calculate the remainder when 12287 is divided by 2911.
643
Calculate the remainder when 40434 is divided by 1394.
8
Calculate the remainder when 37726 is divided by 1872.
286
Calculate the remainder when 508916 is divided by 33.
23
Calculate the remainder when 12797 is divided by 48.
29
What is the remainder when 3835 is divided by 386?
36